units digit of 446185?
5
What is the thousands digit of 237013?
7
What is the hundreds digit of 3911879?
8
What is the thousands digit of 1091740?
1
What is the thousands digit of 8100280?
0
What is the thousands digit of 4174?
4
What is the tens digit of 1327209?
0
What is the tens digit of 456342?
4
What is the units digit of 648113?
3
What is the thousands digit of 11251981?
1
What is the units digit of 105356?
6
What is the hundred thousands digit of 254937?
2
What is the thousands digit of 9149331?
9
What is the hundreds digit of 1747535?
5
What is the tens digit of 60485?
8
What is the ten thousands digit of 6410111?
1
What is the tens digit of 9892908?
0
What is the ten thousands digit of 613251?
1
What is the hundreds digit of 4259097?
0
What is the ten thousands digit of 3232259?
3
What is the tens digit of 1583251?
5
What is the units digit of 188252?
2
What is the tens digit of 1303236?
3
What is the tens digit of 66581?
8
What is the hundreds digit of 42863?
8
What is the thousands digit of 9708131?
8
What is the thousands digit of 6190?
6
What is the units digit of 1419065?
5
What is the ten thousands digit of 427597?
2
What is the tens digit of 238861?
6
What is the thousands digit of 53438?
3
What is the hundred thousands digit of 8271453?
2
What is the ten thousands digit of 15500193?
0
What is the ten thousands digit of 3785934?
8
What is the millions digit of 3328777?
3
What is the hundreds digit of 811725?
7
What is the hundreds digit of 14691?
6
What is the units digit of 150799?
9
What is the hundreds digit of 530057?
0
What is the tens digit of 845873?
7
What is the millions digit of 7985972?
7
What is the thousands digit of 140701?
0
What is the thousands digit of 167064?
7
What is the thousands digit of 1421879?
1
What is the units digit of 20652?
2
What is the hundreds digit of 893372?
3
What is the hundreds digit of 5797076?
0
What is the thousands digit of 9494723?
4
What is the millions digit of 1780392?
1
What is the hundred thousands digit of 2468517?
4
What is the thousands digit of 1386295?
6
What is the hundred thousands digit of 3383075?
3
What is the millions digit of 2121119?
2
What is the thousands digit of 303576?
3
What is the ten thousands digit of 21171082?
7
What is the tens digit of 3498549?
4
What is the thousands digit of 40885080?
5
What is the hundred thousands digit of 1923501?
9
What is the thousands digit of 958970?
8
What is the units digit of 9316786?
6
What is the hundreds digit of 526457?
4
What is the thousands digit of 485964?
5
What is the tens digit of 5333809?
0
What is the ten thousands digit of 11978716?
7
What is the units digit of 56739?
9
What is the hundreds digit of 396898?
8
What is the tens digit of 178083?
8
What is the ten thousands digit of 435169?
3
What is the thousands digit of 326349?
6
What is the millions digit of 1621650?
1
What is the ten thousands digit of 4967731?
6
What is the units digit of 565326?
6
What is the tens digit of 127454?
5
What is the hundreds digit of 6870693?
6
What is the ten thousands digit of 2103540?
0
What is the millions digit of 1287458?
1
What is the tens digit of 1245414?
1
What is the ten thousands digit of 1698472?
9
What is the thousands digit of 579896?
9
What is the tens digit of 1890533?
3
What is the ten thousands digit of 88935?
8
What is the tens digit of 200846?
4
What is the thousands digit of 1872015?
2
What is the hundreds digit of 13451807?
8
What is the units digit of 1384386?
6
What is the millions digit of 1064327?
1
What is the units digit of 21418198?
8
What is the hundred thousands digit of 4566509?
5
What is the tens digit of 315522?
2
What is the hundreds digit of 771728?
7
What is the tens digit of 1358780?
8
What is the ten thousands digit of 5362301?
6
What is the millions digit of 1205621?
1
What is the tens digit of 9893780?
8
What is the hundreds digit of 120172?
1
What is the units digit of 46497?
7
What is the ten thousands digit of 681995?
8
What is the ten thousands digit of 15280280?
8
What is the hundred thousands digit of 558970?
5
What is the hundred thousands digit of 147187?
1
What is the thousands digit of 141496?
1
What is the units digit of 47335?
5
What is the hundreds digit of 2101750?
7
What is the millions digit of 4115743?
4
What is the hundred thousands digit of 1582054?
5
What is the thousands digit of 10391688?
1
What is the ten thousands digit of 2852027?
5
What is the thousands digit of 262114?
2
What is the units digit of 319973?
3
What is the tens digit of 29911?
1
What is the thousands digit of 12278172?
8
What is the units digit of 921626?
6
What is the tens digit of 707172?
7
What is the tens digit of 347554?
5
What is the millions digit of 1903960?
1
What is the units digit of 1011005?
5
What is the hundred thousands digit of 6869547?
8
What is the ten thousands digit of 4827777?
2
What is the hundreds digit of 1582302?
3
What is the hundreds digit of 1827318?
3
What is the millions digit of 25527870?
5
What is the ten thousands digit of 79581?
7
What is the hundreds digit of 2116901?
9
What is the tens digit of 6814607?
0
What is the tens digit of 4052361?
6
What is the units digit of 4191171?
1
What is the ten thousands digit of 292257?
9
What is the thousands digit of 2010042?
0
What is the ten thousands digit of 2518837?
1
What is the thousands digit of 1399578?
9
What is the units digit of 16313847?
7
What is the hundreds digit of 26907?
9
What is the tens digit of 190273?
7
What is the hundred thousands digit of 318625?
3
What is the thousands digit of 8365142?
5
What is the tens digit of 3111708?
0
What is the tens digit of 1622498?
9
What is the ten thousands digit of 338463?
3
What is the hundred thousands digit of 434449?
4
What is the hundreds digit of 33158716?
7
What is the thousands digit of 321318?
1
What is the ten thousands digit of 9419561?
1
What is the units digit of 696180?
0
What is the thousands digit of 148794?
8
What is the tens digit of 98274?
7
What is the units digit of 277518?
8
What is the ten thousands digit of 298856?
9
What is the hundred thousands digit of 314094?
3
What is the tens digit of 184686?
8
What is the units digit of 1099807?
7
What is the hundreds digit of 1336936?
9
What is the units digit of 459049?
9
What is the thousands digit of 178220?
8
What is the hundred thousands digit of 2560869?
5
What is the thousands digit of 102408?
2
What is the tens digit of 556735?
3
What is the hundred thousands digit of 1543899?
5
What is the thousands digit of 1265836?
5
What is the hundred thousands digit of 190956?
1
What is the tens digit of 4118034?
3
What is the units digit of 640409?
9
What is the tens digit of 9432341?
4
What is the millions digit of 1334823?
1
What is the thousands digit of 304695?
4
What is the units digit of 7686493?
3
What is the hundreds digit of 3036894?
8
What is the thousands digit of 493065?
3
What is the ten thousands digit of 184928?
8
What is the ten thousands digit of 266836?
6
What is the hundred thousands digit of 579519?
5
What is the millions digit of 1341941?
1
What is the hundred thousands digit of 227444?
2
What is the hundred thousands digit of 6066740?
0
What is the hundred thousands digit of 402644?
4
What is the tens digit of 828245?
4
What is the hundred thousands digit of 398176?
3
What is the hundred thousands digit of 354265?
3
What is the ten thousands digit of 3378809?
7
What is the thousands digit of 53329?
3
What is the thousands digit of 25347?
5
What is the millions digit of 7084832?
7
What is the thousands digit of 89333?
9
What is the tens digit of 947192?
9
What is the units digit of 97354?
4
What is the tens digit of 7791855?
5
What is the tens digit of 278304?
0
What is the thousands digit of 1049016?
9
What is the ten thousands digit of 5105390?
0
What is the hundreds digit of 213974?
9
What is the ten thousands digit of 356696?
5
What is the thousands digit of 197444?
7
What is the thousands digit of 623960?
3
What is the thousands digit of 1716164?
6
What is the hundreds digit of 600586?
5
What is the tens digit of 188824?
2
What is the ten thousands digit of 371872?
7
What is the hundreds digit of 178079?
0
What is the units digit of 602614?
4
What is the hundreds digit of 133567